= -y**2 - y + 8. Does 5 divide x(n)?
False
Suppose -4*u = -u - 24. Does 8 divide u?
True
Let j = 5 - 1. Suppose 2*o - 4 = j*g, 5*o + g - 7 = 14. Is 5 a factor of o/(-10) + (-124)/(-10)?
False
Let i(p) = 12*p**2 - 2*p - 1. Let k be i(-1). Is (k - 5) + 1 + -2 a multiple of 7?
True
Suppose -2*x + 4*i + 447 = -7*x, -2*i = -4*x - 368. Let g = x - -51. Let v = 66 + g. Is v a multiple of 13?
True
Let j(a) be the third derivative of -a**5/60 + 5*a**4/8 - 5*a**3/6 - 6*a**2. Does 14 divide j(11)?
False
Suppose -7*s + 48 = -3*s. Is 4 a factor of s?
True
Suppose 0*f = 6*f - 60. Is 4 a factor of f?
False
Suppose -10 = 3*k - 8*k. Is k even?
True
Let y(v) = 25*v - 50. Is y(8) a multiple of 30?
True
Suppose -4*f + 123 = s, 110 - 34 = 3*f + 4*s. Is f a multiple of 6?
False
Let k(x) = -4*x - 4*x + 1 + 4*x + 0*x. Let j be k(-8). Let g = 54 - j. Is 7 a factor of g?
True
Let k be (-1*7)/(-9 - -8). Is 2 a factor of (-161)/(-49) + (-2)/k?
False
Suppose 5*a = 3*z + 1125, -6*z = -4*a - 3*z + 897. Is 12 a factor of a?
True
Suppose -3*i - 2*r - 52 = 0, 76 = -2*i - i + 4*r. Let l = i + 40. Is l a multiple of 9?
False
Let q = -75 + 159. Is 11 a factor of q?
False
Suppose 4*y = -q + 3, -3*q + 3*y + 1 = -38. Suppose -3*f - 5 = -h + q, h - 5*f = 24. Suppose 62 + h = 3*l. Is l a multiple of 11?
True
Let l(u) = 21*u - 7. Does 6 divide l(2)?
False
Suppose 6 = -8*y + 5*y. Let i be ((-32)/56)/(y/7). Suppose 5*w = -5*r + 70, -5*w - 44 = -3*r + i*r. Is r a multiple of 7?
False
Let j(b) be the third derivative of 0*b**4 + 5/6*b**3 + 0 + 4*b**2 + 0*b - 1/10*b**5 - 1/120*b**6. Does 3 divide j(-6)?
False
Suppose 0 = 3*k - 5*b - 61, -7*b = -5*k - 3*b + 80. Is k a multiple of 4?
True
Let h(x) = -12*x - 1. Suppose -3*k - 3 - 6 = 0. Let n be h(k). Suppose r = -2*m + 29, 41 + n = 3*m - 5*r. Does 9 divide m?
False
Let c(w) = 20*w - 2. Let a be c(3). Let k = a - 21. Is 8 a factor of k?
False
Let s = 83 + -41. Does 11 divide s?
False
Let o(v) = -30*v**3 + 2*v**2 - 1. Does 18 divide o(-1)?
False
Let n = 1 - 1. Suppose -4 = -4*l + 3*f + 10, n = l - f - 3. Suppose 0 = l*o - 3*o - 26. Does 13 divide o?
True
Let w(p) = 20*p - 2. Let d be w(-3). Let m = -34 - d. Is 12 a factor of m?
False
Is (-54)/(-2) - (-9 - -5) a multiple of 18?
False
Is 12 a factor of ((-13)/((-273)/448))/((-1)/(-3))?
False
Let p(z) = 5*z - 2. Let x be p(11). Suppose -5*q = v + 4*v - 155, 5*q + x = 3*v. Is 17 a factor of v?
False
Let t(m) = 3*m**2 + 33*m - 5. Let n(c) be the first derivative of -c**3/3 - 11*c**2/2 + 2*c - 1. Let l(u) = -11*n(u) - 4*t(u). Does 6 divide l(-9)?
False
Let u = -14 + -56. Let g = -43 - u. Is g a multiple of 15?
False
Let w be 4/(-10) - 742/(-5). Let z(o) = -o**3 + 5*o**2 - 5*o - 1. Let g be z(3). Suppose -7 = -g*q + 1, 2*q - w = -4*m. Does 12 divide m?
False
Is 6 a factor of (-1 - 28/20)*-5?
True
Suppose 5*x + 40 = -0*x. Is x/(1*-4) - -13 a multiple of 15?
True
Is (0 - (-18)/(-15))/(15/(-550)) a multiple of 3?
False
Let u(c) = 3*c**2 + 2*c - 2. Let l be u(-2). Is -1 + l/(-3) + 33 a multiple of 18?
False
Suppose -170 = -4*f - q, 5*f - 136 - 83 = 2*q. Does 8 divide f?
False
Is (-6)/(-10) + (-770)/(-50) a multiple of 3?
False
Let c(i) = -9*i. Is 19 a factor of c(-4)?
False
Let z(r) = 28*r**3 - 1. Let m be z(-1). Let b = m + 54. Is b a multiple of 14?
False
Does 21 divide 0 - -2*((-315)/(-6))/5?
True
Let z = 161 + -105. Is 14 a factor of z?
True
Suppose 0 = 5*i + 6 - 16. Suppose 10 = k - i. Does 11 divide k?
False
Suppose -5*j = 47 - 12. Let n(z) = -9*z**2 - 9*z. Let c(m) = 5*m**2 + 5*m. Let f(w) = j*c(w) - 4*n(w). Is 6 a factor of f(3)?
True
Suppose 234 = 3*k - 3*r, 5*r + 14 + 11 = 0. Suppose -5*a = -2*g + k - 14, a + 1 = 0. Does 10 divide g?
False
Suppose 5*u - 6*u + 96 = 0. Is 12 a factor of u?
True
Suppose -s - p - 35 = 0, -3*s - 147 = -p - 34. Let l = 52 + s. Is l a multiple of 15?
True
Let q = 60 + 5. Does 13 divide q?
True
Suppose 43 = 3*x + 3*p + 13, 4*x - 2*p = 70. Does 15 divide x?
True
Let n(p) = p**2 + 10*p - 7. Let s be n(-12). Suppose 39 = 7*r - s. Does 6 divide r?
False
Let m(x) be the first derivative of -x**4/4 - 5*x**3/3 - x**2/2 - 3*x - 1. Let h be m(-5). Suppose -5*y + h*y - 40 = -4*s, 2*s - 26 = 3*y. Is 7 a factor of s?
True
Let b(h) = -h**2 - 4*h + 2. Let l be b(-4). Suppose 0 = -4*p + p + l*t + 162, 4*t = -2*p + 92. Suppose 3*u - 2*m = p, -5*m = 2*u - 7*u + 80. Does 8 divide u?
False
Suppose -165 = -2*d + v, 4*d - 8*d - 2*v = -318. Is d a multiple of 15?
False
Let k = -26 + 64. Does 19 divide k?
True
Let a be (-1)/((-5)/2 - -3). Is 4 a factor of a/(0 + (-3)/12)?
True
Suppose -3*r = -2 - 13, k + 3*r - 60 = 0. Is 5 a factor of k?
True
Suppose 4*w + y - 118 = -0*y, -4*w = 2*y - 116. Does 8 divide w?
False
Does 10 divide -12*513/(-252) - 4/(-7)?
False
Suppose 3*i - 286 = 5*g - 36, 2*i - 184 = -g. Suppose 2*u = 5*p - 19, -p - 3*p + 20 = -4*u. Suppose -i = -2*v - p*v. Is 9 a factor of v?
True
Let p be 3 + 0 + (-29)/(-1). Suppose l - p = 4*x, 3*x - 2*x + 65 = 5*l. Is l a multiple of 4?
True
Let i(m) = -m**2 - 9*m + 5. Let o be i(-9). Suppose s - f = -0*f - 28, -s - o*f = 16. Let k = s - -40. Does 7 divide k?
True
Suppose 7 = 3*r - 23. Let m be 522/30 - 4/r. Let b = m + -12. Is b even?
False
Suppose 4*a + 6 = 2*o, 5*a + 6 = 5*o - 19. Is 2 a factor of o?
False
Let i(c) = -c**2. Let o(t) = -4*t**2 + 12*t + 8. Let h(l) = 5*i(l) - o(l). Let z be h(-11). Suppose j - 41 = -z*j + a, 4*a = 12. Is 10 a factor of j?
False
Let h(p) = -15 + 6 - 8 - p + 0. Let i be h(-8). Let c(x) = x**2 + 4*x - 9. Does 12 divide c(i)?
True
Suppose 6*t = 2*t + 52. Let c = t + 13. Does 8 divide c?
False
Is 19 a factor of (2 - -1)/(5/65)?
False
Let d = -1 + 4. Suppose 2*w = a + 46, -4*w = -d*w - 3*a - 23. Does 10 divide w?
False
Let m = 0 + 0. Suppose m = 2*s - 4*u - 40 - 22, u + 1 = 0. Does 9 divide s?
False
Let g be 2/3 - (-10)/(-6). Let c(b) be the third derivative of -5*b**4/6 + b**3/6 + b**2. Is c(g) a multiple of 12?
False
Suppose -3*u + 340 = -5*y, y + 356 = -0*u + 3*u. Suppose -u = -5*b - 4*k, 3*b = -b + 5*k + 137. Is b a multiple of 15?
False
Let c(u) = -u**2 + 7*u + 4. Let l be c(8). Let h be 2/l + (-21)/(-6). Suppose -2 - 26 = -q + h*d, -5*q + d + 140 = 0. Does 15 divide q?
False
Suppose 3*c + c = 4*g - 164, 0 = -g - 4*c + 31. Does 14 divide g?
False
Let u(v) = -v**3 - v**2 + 2. Let k be u(0). Let d be (10 + 0)*(-3)/(-5). Does 11 divide 225/d - (-1)/k?
False
Is 18*(-4 - (3 + 140/(-12))) a multiple of 14?
True
Let v(t) = -t**2 - 10*t + 3. Let o be v(-10). Suppose o*i = -0*i. Does 6 divide i + -1 - -11 - 1?
False
Let q = -4 + 4. Let h = -2 - q. Is 26/h*1/(-1) a multiple of 6?
False
Let d(h) = -h + 6. Let u be d(7). Is 12 a factor of (8/12)/(u/(-36))?
True
Suppose 5*c + 576 = 4*h, 144 = h - c + 5*c. Is h a multiple of 18?
True
Let a be -2*(-3)/(-2) + 6. Is (14/a)/((-7)/(-42)) a multiple of 14?
True
Let p = 3 - 7. Does 7 divide p/(-18) - 372/(-27)?
True
Suppose 0 = s - r - 8, -2*s + 0*r = 3*r - 21. Does 9 divide s?
True
Suppose 0 = 3*q - 2 + 5. Is 21 a factor of (q - 10/4)*-12?
True
Let r(i) = i**2 + 6*i - 4. Let u be r(-7). Let w be (-2)/(1*u/(-6)). Does 18 divide (-276)/(-15) + w/(-10)?
True
Let t = 21 - 13. Is 8 a factor of t?
True
Let g(k) = 2*k**3 + 2*k - 1. Let f be g(1). Suppose 0 = -4*c + f*j + 2*j + 103, -c + 19 = j. Does 16 divide 4/c - (-1050)/33?
True
Let j(w) = -35*w + 7. Does 11 divide j(-3)?
False
Suppose 5*s = 88 + 102. Does 12 divide s?
False
Suppose 2*l - 115 = -5*y, -3*y + 0*l = l - 68. Does 18 divide y?
False
Suppose 0 = -2*s - 0*s + 3*c + 18, 2*s = -4*c + 32. Is s a multiple of 4?
True
Let d be (-16)/((-2)/(2/1)). Suppose -14 = -5*o + d. Does 3 divide o?
True
Let o(p) = -8*p + 3. Let i = -6 - 0. Let k be o(i). Let h = k + -30. Is 16 a factor of h?
False
Suppose -t = 6 + 4. Let l(v) be the second derivative of -v**3/2 - 13*v**2/2 + v. Is 6 a factor of l(t)?
False
Does 6 divide (0 - 17)/(-2*(-2)/(-24))?
True
Let l = 7 + -7. Suppose l = 4*o + k + 62, -23 = 5*o + 4*k + 49. Is 16 a factor of o/((-1)/2 - 0)?
True
Suppose -6*z = -11*z + 2*j + 427, -166 = -2*z - 4*j. Is 12 a factor of z?
False
Suppose 3*t = -3*z + 234, -5*t + 8*z + 380 = 3*z. Does 13 divide t?
False
Suppose -4*k - 3*x = -11, -5*x - 21 = -4*k - 10*x. Let d be 4 - (3 + k - 3). Suppose 5 = -d*n - 0, -143 = -4*z + 3*n. Is z a multiple